93*r = 92*r - 5. Give b(r).
-42
Let i(v) = v**3 + 4*v**2 - 5*v - 5. Let o be (-20)/4 + 12 + -10. Suppose -4*r + r - 24 = 0. Let t = r - o. Give i(t).
-5
Suppose 5*b = 5*c + 5, 5*b - 4*c = -5*c + 17. Let a(u) = 4*u**3 - 46*u + 49*u - b*u**3 - 5*u**2 - 1. Calculate a(2).
-7
Let t be ((-2 - 5) + -5)*2/(-4). Let b be 120/(-16)*4/(-10). Let h(s) = s + 14*s + b - s**2 - 9*s. Determine h(t).
3
Let z be (4/(-10))/(7/(-105)). Suppose -38 = -m - h, -5*h + z - 47 = -2*m. Let b(o) = -11*o - 2 - 9*o - 17*o + m*o + o**2. What is b(5)?
3
Let u(h) = 14 - 25 + 2*h - 8*h + 4*h + 4*h. Give u(7).
3
Let o(z) = -14*z - 75. Suppose -13*k + 8*k - 37 = -7. Calculate o(k).
9
Let j = -4592 - -4595. Let z(i) be the second derivative of 1/12*i**4 - 1/2*i**2 + 0 + 22*i - 1/3*i**j. Give z(-3).
14
Let n(v) = -v**3 + v**2 + 2. Let l = -209 + 225. Suppose 0*i - l*i = 0. Give n(i).
2
Suppose 2*v = -11*v. Suppose v = -d + 41 - 45. Let q(h) = -h**2 - 3*h - 2. Calculate q(d).
-6
Let y(o) = o**3 + 40*o**2 + 40*o + 46. Suppose 0 = -f - 4*g - 35, 2*g = 6*f - 11*f - 193. Let l be y(f). Let m(h) = -h**2 + 10*h - 10. Calculate m(l).
11
Suppose 5*k = -25, 2*f - 51*k + 48*k - 29 = 0. Let z be (-2)/9 - 32/18. Let q be (f - 19) + (-8)/z. Let g(w) = -w**2 - 9*w - 6. Give g(q).
2
Let t(r) = -4*r. Let u(l) = 3*l**3 + 14*l**2 - 19. Let s(q) = 13*q**3 + 57*q**2 + q - 77. Let f(a) = -2*s(a) + 9*u(a). Let z be f(-12). Calculate t(z).
-28
Let s(m) = -153*m**2 + 1 + 154*m**2 - 14*m + 50. Let c be s(4). Let y(l) = l**2 - 12*l - 9. Determine y(c).
-20
Suppose 252*v = 43*v + 4598. Let u(m) = -m**3 + 21*m**2 + 21*m + 11. Determine u(v).
-11
Let q(c) = -c**2 - 14*c - 6. Let z(b) = 2*b**2 - 193*b - 2498. Let f be z(108). What is q(f)?
-6
Let i be (-8)/7*(-5 + 221/26). Let w be (-94)/(-6) + (-2)/(-6). Let z be ((-9)/(-6))/(i/w) - 0. Let a(o) = o**3 + 5*o**2 - 5*o + 1. Give a(z).
-5
Let s(r) = 10*r + 53. Let i be s(-5). Let o(g) = g**2 - 28*g - 2. Let z(b) = -b**2 + 14*b + 1. Let m(n) = o(n) + 2*z(n). Determine m(i).
-9
Let j = -4 + 4. Suppose j*u - 8 = -p + 2*u, 4*p - u - 11 = 0. Let l(b) = -3*b**2 - b - 4. Let i(o) = -2*o - 2. Let k(c) = -2*i(c) + l(c). Calculate k(p).
-6
Suppose -i - 1 = 3*p, -2*i - 4 = -2*p - 10. Suppose 10 = 7*x - 5*x + i*t, -15 = -3*x - 5*t. Let f(g) = 1 + 5*g - g**2 - 3 - 3. Determine f(x).
-5
Let k(l) = 10*l**3 + 6*l - 3. Let b be (-11)/7 - (-54)/(-126). Let w(y) = -3*y**3 - 2*y + 1. Let c(j) = b*k(j) - 7*w(j). Determine c(1).
2
Suppose 64 = 4*w + 56. Let a(u) = w - 3*u - 5*u**3 - 3 + 9*u**3 - 3*u**3 - 3*u**2. Let j be (1 - (-3 + 0))*1. Determine a(j).
3
Let w = 16 - 23. Let z = -37 + 38. Let s(q) = -7*q + 20*q**2 - 21*q**2 + z + q. Determine s(w).
-6
Let f(h) be the second derivative of -h**4/12 + 11*h**3/6 + 19*h**2/2 - h. Let x(l) = 929*l - 14851. Let z be x(16). What is f(z)?
-7
Suppose 2*d = 6*d + 20. Let a(u) = -6*u**2 - 3 + 0*u**3 - 7*u + 15*u**2 - 15*u**2 - u**3. What is a(d)?
7
Suppose -4*b = -3 - 1. Let q be (2 + -86)*b/(-4). Suppose -7 = 14*i + q. Let f(m) = 3*m**2 - m - 2. Determine f(i).
12
Let j(t) = -10*t - 1. Let u(i) = 2*i + 11. Let h be u(-6). Let w(d) = -1. Let y(m) = 5*m - 32. Let l(g) = h*y(g) - 2*w(g). Let q be l(7). Calculate j(q).
9
Let o(m) be the first derivative of 14 - 2*m - 4/3*m**3 - 3*m**2. Calculate o(-3).
-20
Suppose -2*r = -4*n + 7*n - 484, 740 = 3*r + n. Let g(x) = 249*x**3 - 3*x - 1 - r*x**3 + 2*x**2 + 5. Calculate g(-4).
-16
Let y(z) = -6*z - 8. Let l = -48 + 37. Let o(h) = -16*h - 24. Let i(t) = l*y(t) + 4*o(t). Give i(10).
12
Suppose 63 = -2*g + 69. Let f(y) = 9*y + 3. Let i(j) = j + 3. Let b(v) = g*i(v) - f(v). Give b(0).
6
Let m(n) = -3*n - 24. Let w(j) = -j**3 + 42*j**2 - 324*j + 19. Let y be w(10). Determine m(y).
39
Let i(r) be the first derivative of -r**7/840 + 7*r**6/360 + 7*r**5/120 + 3*r**4/8 - 19*r**3/3 - 101. Let d(c) be the third derivative of i(c). Give d(8).
1
Let w(n) = -26 + 19 - 19 - 2 - 8*n - 25. Determine w(-5).
-13
Let j(i) be the third derivative of -5*i**6/12 - i**4/24 + 55*i**2 - 10*i. Give j(1).
-51
Let q(m) = 21*m + 122. Suppose -3*o = -a - 2 + 27, -38 = 4*o - 2*a. Calculate q(o).
-4
Suppose 0 = 3*j - 3*z - 9, 4*j = 9*j - 3*z - 9. Suppose o + o = 4*f + 14, -2*f + 4*o + 8 = j. Let g(m) = 40*m - 5 + 0 - 43*m. What is g(f)?
13
Let o(k) = -k**3 - 4*k**2 + 14*k + 21. Let r = -1384 + 1379. Determine o(r).
-24
Let i = -3 - -6. Suppose -i - 1 = -2*r. Let t(f) = -r*f**2 - 2*f + 2*f. Give t(1).
-2
Suppose 2*y - 5 = -35. Let z(r) = 8*r + 123. Let t be z(y). Let i(n) = n + 3. Give i(t).
6
Let k(p) = 38*p + 1179. Let b be k(-31). Let h(t) = -t**3 - 2*t**2 + 1. Give h(b).
-2
Let t(a) = a**3 - 9*a**2 + 13*a - 15. Let u be (-24 + -10 + 6 + 0)*2/(-7). Give t(u).
25
Let p(a) be the first derivative of -5*a**2 + 15*a + 1966. What is p(7)?
-55
Let v(n) = n + 3. Suppose 68 + 64 = 4*l. Suppose -5*x = 138 - 323. Let y = l - x. Give v(y).
-1
Let p be 24/18 + 16/6. Suppose 0 = -4*a + p*t + 3 + 1, 4*t - 8 = 0. Let u(d) be the second derivative of -d**3/2 - 6*d. What is u(a)?
-9
Suppose -6*w = -30 + 18. Let x(f) = -7*f - f**w + 12 - 19 + 18. Calculate x(-9).
-7
Let j(s) = 7*s**2 + 4*s + 1. Let z(t) = -8*t**2 - 5*t - 1. Let h(m) = -6*j(m) - 5*z(m). Let v be 3*(32/6)/(-8). Calculate h(v).
-11
Let v(t) = -5*t**2 - 15*t + 34. Let u be -2*(-6 - (2 - 7)). Calculate v(u).
-16
Let k(s) = -130*s + 642. Let g be k(5). Let n(q) = 11*q + 86. Give n(g).
-2
Let t(g) = -18 - 12 + 31. Let x(b) = -2*b + 6. Let w(d) = -5*t(d) + x(d). Calculate w(-1).
3
Let y(o) = 3*o**2 + 15*o - 8*o**2 + 6*o**2 + 186 + 14*o - o. Determine y(-18).
6
Let d(l) = -l**3 - 4*l**2 + 8*l. Let n(v) = v**2 + 3*v + 8. Let j be n(-6). Let c = -17 + j. Suppose 24 = -c*z + 5*z. Determine d(z).
24
Let y(u) = 72*u - 1. Let w be (36/14)/(-3) - 13/(-7). Calculate y(w).
71
Suppose -475 + 171 = -76*r. Let w(k) be the first derivative of k - k**3 - 2*k**2 - 14 + 1/2*k**r. Determine w(3).
16
Let l(p) = -5*p**2 - 3*p + 0*p**3 + 3*p + 2*p + 3 + p**3. Suppose -4*q - 7*q - 2*q = 0. Suppose 3*c - 3 = q, -2*c + 6 = 5*t - 16. Calculate l(t).
-5
Let u(z) be the first derivative of -z**5/120 - z**4/24 + 4*z**3/3 - 2*z**2 + 6. Let c(m) be the third derivative of u(m). Calculate c(-5).
4
Let q(d) = d - 1. Let v(z) = 4*z + 61. Let h be v(-13). Let o(i) = 2*i - 5. Let r(t) = h*q(t) - 2*o(t). Suppose 4 = -3*n - n. Give r(n).
-4
Let r(q) = -2*q**3 + q**2 + 5. Let z be -1*(-2 + 5) - -7. Suppose -27*g + 29*g - h - z = 0, -3*g = h + 4. What is r(g)?
5
Suppose -2*x - d = 15, 45 = 6*x - 8*x + 5*d. Let w(k) be the first derivative of -k**3/3 - 9*k**2/2 + 2*k + 76. Give w(x).
-8
Let l(c) be the second derivative of 1/3*c**3 + 213*c + 0 - 3/2*c**2. Determine l(6).
9
Let j(l) = 6*l**2 + 4*l + 7. Suppose 0 = -6*q + 9*q + 15. Let f(o) = o**2 + o. Let k(g) = q*f(g) + j(g). What is k(0)?
7
Let a(n) = -2*n - 3. Let f be a(-4). Suppose -f*x + 5*l - 70 = 0, -5*l = 4*x - 2*x. Let i(m) = -3*m - 14. Give i(x).
16
Let q = 2153 + -2143. Let d(f) = -2*f**2 + 9*f + 6. Calculate d(q).
-104
Let l(j) be the third derivative of j**6/15 - j**5/30 - j**4/24 + j**3/6 - 858*j**2 + 2. Give l(-1).
-8
Suppose 43*i - 208 = -47 + 54. Let n(h) = h**2 - 7*h - 4. Determine n(i).
-14
Let w = -177773/12 - -14815. Let s(h) be the second derivative of 1/20*h**5 + 40*h - 5/2*h**2 - w*h**4 + 0 - h**3. What is s(8)?
11
Let x(b) be the first derivative of -1/4*b**4 + 12*b + 104 - 10/3*b**3 - 7/2*b**2. Determine x(-9).
-6
Let w(b) = -8*b + b**3 + 7*b**2 + 10*b**2 - 71333 + 71370 + 25*b. Calculate w(-16).
21
Suppose -60 = 13*r + 44. Let m be r/(-6) - (-14)/3. Let q(d) = -2*d + 9. Determine q(m).
-3
Let h(a) = 3*a - 51. Suppose 85*s - 1394 = 3*s. Determine h(s).
0
Suppose 3*r = 3*n, 2*n - 35 = -2*r - 39. Let d(y) = -8*y**2 - y - 1. Determine d(n).
-8
Let c(w) = -8*w - 2. Let b = 13725 + -13733. Give c(b).
62
Let w(m) = 69*m + 45. Suppose -32*q + 4 + 16 = -52*q. Determine w(q).
-24
Let l(z) = 18*z + 4. Let y(d) = 2 - 1 - 3 + 1 - 6*d. Let k(q) = -2*l(q) - 7*y(q). Determine k(-1).
-7
Let z(u) be the second derivative of -u**5/60 + 3*u**4/8 + 26*u**3/3 - u**2 - 11*u + 5. Let h(o) be the second derivative of z(o). Determine h(0).
9
Let x(g) = -2*g + 2. Let k(t) = -t**2 - 15*t + 18. Let o be 6/39 - 420/26. Let h be k(o). Calculate x(h).
-2
Let h(u) = 11 - 2*u**3 + u